). Let c = r - -265. What is the units digit of c?
0
Let m(q) = 5*q**3 - 3*q**2 - 30*q + 30. What is the units digit of m(10)?
0
Suppose o = 6 - 2. Suppose 3*z + 7*m = 4*m + 60, o*z - 3*m = 87. Suppose 0 = -2*s + 5*k + 3, -3*k = 2*s - 2*k - z. What is the units digit of s?
9
What is the units digit of 1/(5428/4068 + (-4)/3)?
7
Let z = 13 - 8. Suppose 3*a = -0*b - b, -z*b = a. What is the units digit of (-1 - b)*(-1 + -17)?
8
Suppose -4*j - 1 = -3*j + 3*a, -a = 4*j - 18. Let z be -3 - (-42 - (-1 - -2)). Suppose j*n - 209 = 4*s, z = 2*n - n + s. What is the tens digit of n?
4
Let y(b) = -311*b + 7. Let v(a) = -104*a + 2. Let n(r) = 17*v(r) - 6*y(r). What is the tens digit of n(1)?
9
What is the tens digit of -7 + -3 + 0 + 1367?
5
Let o(t) = -t**3 + 10*t**2 - 5*t - 6. Suppose 4*k = k + 39. Let j = k + -4. What is the tens digit of o(j)?
3
Let r(o) = 29*o**3 + 5*o**2 + 3*o - 3. Let n(j) = 146*j**3 + 25*j**2 + 16*j - 15. Let i(h) = 2*n(h) - 11*r(h). What is the hundreds digit of i(-2)?
2
Let w(l) = 8*l**2 + 10*l + 4. Let x be (-5)/3 + 2 + (-80)/15. What is the hundreds digit of w(x)?
1
Suppose 50*i + 1729 = 63*i. What is the units digit of i?
3
Suppose -4*x = -3*x + 2*l + 3, -l + 21 = 5*x. Suppose -x*y = -163 - 12. What is the tens digit of y?
3
Suppose 17 = -4*q + b, -q + 3*q = 5*b - 31. Let z be (-4)/(q*(-4)/(-18)). Suppose -z*a + 36 = -4*a. What is the units digit of a?
8
Let q(d) = -8*d**3 + 74*d**2 + 16*d - 3. Let z(u) = 3*u**3 - 25*u**2 - 5*u + 1. Let a(m) = -4*q(m) - 11*z(m). What is the tens digit of a(-21)?
9
What is the tens digit of (2611 + (-8 - -3))/1?
0
Let h(a) be the first derivative of -a**4/4 - a**3/3 + 29*a**2/2 + 9*a + 8. What is the tens digit of h(-7)?
0
Suppose -9*k + 12414 = 1650. What is the units digit of k?
6
Suppose 3*h - 4068 = -4*g, -4*h + 8024 - 2600 = 2*g. What is the hundreds digit of h?
3
Let i be (-4)/20 - 876/(-5). Suppose -i = -38*d + 33*d. What is the tens digit of d?
3
Let n(i) = -i**3 - 7*i**2 + 6*i + 7. Let o = -24 + 29. Suppose -7 = 2*f + 2*g + g, o*f + g + 37 = 0. What is the units digit of n(f)?
3
Suppose 2*j + y + 2*y = -167, 5*j = 4*y - 406. Let r = j - -310. What is the hundreds digit of r?
2
Let x(z) = z**2 + 5. Let r be x(4). Let k = 34 - r. Suppose 0 = -5*n - 2*y + 7, -n + k = -2*n - 4*y. What is the units digit of n?
3
Let t be (0/3)/((-2)/1). Suppose 4*x + 4*a - 12 = t, 1 = -x - 3*a - 0. Suppose q + 5*d = 2 + 28, -4*q + 45 = -x*d. What is the tens digit of q?
1
What is the thousands digit of 182/(-14) - (-6272)/2?
3
Suppose 0 = -5*g - 47 + 187. Let i = -46 - -50. Suppose -i*p + 12 = -3*p - 4*r, 4*r = 3*p - g. What is the units digit of p?
8
Let k(t) = -t**3 - 10*t**2 + 4*t + 6. Let q = 8 - 19. What is the units digit of k(q)?
3
Let y(v) = v + 10. Let f be y(-4). Suppose -3*q - 72 = -i, 2*q + f*i - 2*i + 34 = 0. Let z = q + 55. What is the tens digit of z?
3
Let h(r) = -4*r + 3*r + 5 + 27*r**2 - 7*r**2 - 4*r. What is the tens digit of h(2)?
7
Suppose 1283 + 717 = 4*a. What is the hundreds digit of a?
5
Let y = 703 + -1131. Let i be 10/50 - y/10. Let d = -1 + i. What is the tens digit of d?
4
Suppose 3*y + 10 = -2*i, 2*y + 5*i - 3*i = -10. Let q(d) = d + 9. Let w be q(y). Let g(k) = -k**2 + 17*k - 6. What is the tens digit of g(w)?
6
Let v(q) = 7*q + 194. What is the hundreds digit of v(15)?
2
Let z(t) = 75 - 3*t**3 - 4*t**2 - 74 + 2*t**3. Let s be z(-3). Let w(i) = i**3 + 9*i**2 + 4*i - 11. What is the units digit of w(s)?
1
Let c(f) = f**3 + 5*f**2 - 7*f. Let g be c(-6). Suppose x = g*x + 5*p - 200, 0 = 4*x - p - 170. What is the tens digit of x?
4
Suppose 2*u = 5*a - 84, -5*u + 9 = -4*a + 83. What is the tens digit of a/(-24)*75/(-2)?
2
Let p = -86 + 111. What is the units digit of p?
5
What is the units digit of (-364)/10*80/(-16)?
2
Let f be (-2)/(-1) + (-4 - -4). Suppose 0*a - 328 = -f*a. Suppose 4*q - 2*w = -w + 148, -4*q - 3*w + a = 0. What is the tens digit of q?
3
Let q = -74 + 75. Suppose -2*j - 5 = q, -2*j = m - 136. What is the tens digit of m?
4
Suppose 12*q = 14*q - 78. Let z = 139 + q. What is the tens digit of z?
7
What is the units digit of (26/((-416)/(-528)))/(1/124)?
2
Let x(y) = -y**3 + 11*y**2 + 22*y - 10. What is the hundreds digit of x(12)?
1
Let b(z) = -92*z**3 + z**2 + 7*z + 8. What is the tens digit of b(-2)?
3
Let f = -4080 - -6211. What is the units digit of f?
1
Let s be 6 + 12/8*-2. Let j be 5 - (3 - 15/s). What is the units digit of j*(4/7 + 2)?
8
Let o = -68 + 122. Suppose -15 = 3*k - o. What is the units digit of k?
3
Suppose 2*k - 55 = 23. Let l = k - -23. What is the tens digit of l?
6
What is the thousands digit of 0 + (-4 - (-2597 + 7 + -14))?
2
Let x = -241 + 361. Suppose -x = -3*a - a. Suppose -2*b + a = 2*h, 9*h - 91 = 4*h - b. What is the tens digit of h?
1
Suppose 4*v + 6268 = 4*o, -16*v + 14*v - 6 = 0. What is the tens digit of o?
6
Suppose 0 = -4*t + 2*x + x - 68, -2*t + 5*x - 48 = 0. Suppose 18*g - 19*g + 28 = 0. Let c = t + g. What is the tens digit of c?
1
Let l(p) = -170*p + 33. What is the tens digit of l(-3)?
4
Let v be (0 - 1) + 1102 - (-4 + 5). Suppose 6*p + v = 11*p. What is the units digit of p?
0
Let d = 664 + -331. Suppose -4*l + l + d = 0. Suppose -5*x + 4*w - 2*w = -l, 125 = 5*x + 5*w. What is the units digit of x?
3
Let t(g) = g**3 + 17*g**2 - 9*g - 35. What is the units digit of t(-13)?
8
What is the hundreds digit of (-446)/2*-2*(-7)/(-7)?
4
Let w = -221 + 370. Suppose -5*n - w = -4. Let u = n + 44. What is the units digit of u?
5
Let r(o) = o**2 - 41*o - 211. What is the units digit of r(-30)?
9
Suppose -5*v - 2535 = -2*v. Let t be ((-884)/65)/(2/v). What is the units digit of (-2)/7 - t/(-119)?
8
Let k(h) = -h**2 - 2*h. Let s be k(-4). Let p(u) = -4*u + 5. Let a be p(s). Suppose 0 = -0*o + 5*o - 5*g - 125, -5*g = -o + a. What is the tens digit of o?
2
Let r = -173 - -463. What is the tens digit of r?
9
Suppose -3*m = 4 - 19. Suppose 0 = -m*f - 25, 2*r - 2*f = r + 174. What is the units digit of r?
4
Suppose 0 = a + 5*i - 38, 167 = 3*a - 4*i - 23. What is the tens digit of a?
5
Let c be 246/4 - (-5)/10. Let o = -72 + 110. Let i = c - o. What is the tens digit of i?
2
Let c = 63 - 29. Suppose 4*t - c - 2 = 0. What is the tens digit of 3/t + 65/3?
2
Let m be 4/22 + (-348)/(-22). Suppose 5*l + 2*u = m, -3*l - u + 4*u = 3. Suppose -2*k - l*k = -172. What is the tens digit of k?
4
Suppose -15 = -10*y + 7*y. Suppose 4*f = 4*r + 16, -y*r - 4 - 10 = -3*f. Suppose x - 2*b = -b + 14, f*b = -2*x + 3. What is the units digit of x?
9
Let t(f) = f**3 + 8*f**2 + 5*f - 10. Let c be t(-7). Suppose -6 = v - c*v. What is the units digit of v?
2
Let f(o) = -o**3 - 4*o**2 + 10*o + 46. What is the thousands digit of f(-12)?
1
Let q(w) be the second derivative of w**4/12 - 7*w**3/2 - 5*w**2/2 + 14*w. What is the tens digit of q(25)?
9
Let p(z) = 4*z**2 + 9*z + 15. Let b be p(-6). Let k = 90 + b. What is the hundreds digit of k?
1
Let o(u) = 25*u**2 - 32*u - 41. What is the tens digit of o(-8)?
1
Let p = 1373 + 669. What is the tens digit of p?
4
Suppose o - 49 = -4*s + 4*o, -5*s + 4*o + 62 = 0. Let g(d) = -2*d - 25. Let a be g(0). What is the units digit of (-2)/s + (-130)/a?
5
Let k = -37 - -129. Let g = k - 49. What is the tens digit of g?
4
What is the hundreds digit of (17 - -3214) + 3 + 6 + 1?
2
Let g = -2 + 8. Suppose g*t - 7*t = 0. Suppose -3*r + 32 = r - 3*j, r + j - 8 = t. What is the units digit of r?
8
What is the units digit of (1/(-2))/((-7)/8414)?
1
Suppose -c + 3*g = g - 8, 68 = 5*c + 4*g. Suppose -14*f + 11*f + c = 0. Suppose 4*j = m - 37, -3*m - 3*j - 35 = -f*m. What is the tens digit of m?
2
Let z be 4/(-6) + 533/39. Let k be 50/z - 8/(-52). Suppose p - k = -0*p. What is the units digit of p?
4
Let t(j) = -109*j**3 - 3*j**2 - j - 1. Let x be t(-2). Suppose f = 4, x = 3*k + 2*k + 4*f. What is the tens digit of k?
6
Let p be ((-1)/2)/((-1)/2)*12. Suppose 94 = r - p. What is the hundreds digit of r?
1
Let z = 12 - 9. Suppose y + z*y = 0. Let d = 2 - y. What is the units digit of d?
2
What is the hundreds digit of (-1 - -4356) + (-10 - -7)/3?
3
Suppose -8*i + 31 = -17. Suppose -i*j + 5 = -j. What is the units digit of j?
1
Let j(y) = 5*y**2 + 14*y - 13. Let i(m) = -6*m**2 - 14*m + 13. Let r(h) = 6*i(h) + 7*j(h). Let n be r(9). Suppose -f + 